Suppose k = -r, b - 40 = 2*k + 2*k. List the prime factors of b.
2, 3
Let g be (-2611)/(-35) - 4/(-10). Suppose 4*w - 5 = g. List the prime factors of w.
2, 5
Let f(j) be the second derivative of j**4/4 - j**3/2 - 2*j**2 - 7*j. What are the prime factors of f(3)?
2, 7
Suppose 12*g - 196 = 8*g. What are the prime factors of g?
7
Suppose 0*c - 2*c + 746 = 0. List the prime factors of c.
373
Suppose 0*b + 130 = b + s, 4*b - 2*s = 520. What are the prime factors of b/6 + 3/9?
2, 11
Suppose 4*o - 5*k = 67, -53 = -3*o + 4*k - 2. Let w = o - 7. Let h(d) = 2*d + 6. List the prime factors of h(w).
2, 3
Suppose 0 = -5*h + 14 + 11. Let k = h - 0. Suppose 0 = k*g + 4*j - 7*j - 43, 5*g - 67 = -3*j. List the prime factors of g.
11
Let a be ((-54)/(-8))/((-7)/168). List the prime factors of a/(-8) + (-45)/(-60).
3, 7
Suppose -3*b + 4 + 5 = 0. Suppose 0 - 3 = b*n + 3*x, 3*n - 3*x = 27. List the prime factors of -4 + n + 3*1.
3
List the prime factors of -1*6/(-2) - -31.
2, 17
Let m be (-2 + (-3)/(-2))*0. Let p be (-2 - (-2)/(-4))*2/(-1). Suppose p*k + m*k = 90. List the prime factors of k.
2, 3
Suppose -2 = 2*d + 2*a - 4, -d = -4*a - 6. Suppose 0 = d*h + 3*h + 60. Let k = -6 - h. List the prime factors of k.
2, 3
Suppose 2*c + c = 0. Suppose -4*y - 4 = c, 2*r - 4*y - 23 - 1 = 0. Suppose -5*q - 50 = -r*q. List the prime factors of q.
2, 5
List the prime factors of (-6)/18 + 229/3.
2, 19
Let z(l) = 2*l + 4. Let a(x) = -1. Let s(b) = -5*a(b) - z(b). Let i be s(-3). What are the prime factors of 2 + -1 + -1 + i?
7
Let p be 11 - (0/1 - -2). Let w = -2 + p. List the prime factors of w.
7
List the prime factors of (-59)/(-18)*28 - 24/(-108).
2, 23
Suppose 2*f - 2 = 2. Suppose f*u - 10 = 12. What are the prime factors of u?
11
Let s(u) = u**2 - 6*u + 4. Let g be s(6). Suppose -5*a = 3*j - 488, 4*a - 2*j - 108 = 3*a. What are the prime factors of a/12 - g/(-6)?
3
Let s = 71 + 75. What are the prime factors of s?
2, 73
Let c = -2 - -4. Let s(q) = 2*q**2 - 4*q + 3. List the prime factors of s(c).
3
Suppose -2*w + 16 = 2*j, 4*w - 23 = -j - 0*j. Suppose -3*d + 74 = 2*v, -w = 4*d - 13. Suppose -13 - v = -5*y + 4*i, 25 = 3*y - 4*i. List the prime factors of y.
11
Let s(b) = b**3 + 4*b**2 - 8*b. Let z be s(-6). Let r be z/9*(-18)/8. List the prime factors of (-5 + r)*2*4.
2
Let u = 116 - -36. Suppose -3*v = -8*v - 2*w + u, -3*v - 3*w + 93 = 0. Let l = v + -21. What are the prime factors of l?
3
Let d(m) be the third derivative of m**8/20160 + m**7/2520 + m**5/15 - 2*m**2. Let r(v) be the third derivative of d(v). What are the prime factors of r(3)?
3, 5
Let i = -31 - -166. List the prime factors of i.
3, 5
Suppose 39 - 120 = -3*n. What are the prime factors of n?
3
Suppose 5 = -5*b - 3*f - 2*f, -2*b = -3*f - 18. Suppose 3*m - 4*k - 35 = 0, 3*m - 3*k = 2*k + 34. Let l = b + m. List the prime factors of l.
2
Let p(i) = i**3 + 9*i**2 + 6*i - 3. Let y = -7 - 1. List the prime factors of p(y).
13
Suppose -161 = 2*f - 847. List the prime factors of f.
7
Suppose 3*i - 4*m = 8*i - 22, 0 = -5*i + m + 7. What are the prime factors of i?
2
Let u = 14 + -10. Suppose 0 = -u*o + 44 + 56. Let q = o + -17. What are the prime factors of q?
2
Let v(j) = j**2 + 10*j + 4. Suppose 4*p = b - 2*b - 16, 4*b + 2*p - 6 = 0. Suppose -b*k = 4*l - l + 26, 4*k = l + 14. List the prime factors of v(l).
2
Let u = 408 - 138. Suppose 3*p + 4*c - 166 = 0, -3*p = 2*p + 5*c - u. List the prime factors of p.
2, 5
What are the prime factors of (3 - 2)*30/2?
3, 5
Suppose -i + 4*i - 114 = 0. What are the prime factors of i?
2, 19
Suppose 0 = -4*q - 182 - 30. Let k = -15 - q. List the prime factors of k.
2, 19
Let u(k) = 57*k**2 - k + 1. What are the prime factors of u(1)?
3, 19
Let f(x) = -15*x + 7. What are the prime factors of f(-5)?
2, 41
Suppose -7*q + 140 = -3*q. What are the prime factors of q?
5, 7
List the prime factors of (13 - 1)/(18/48).
2
Let v(a) = a**2 - 5*a + 6. Suppose -2*z = 5*y - 8, -5*z + z + 16 = -y. List the prime factors of v(z).
2
Let l = 1 - 0. Let t = l + 1. Suppose t*s + 5*c - 2*c = 32, -s = -5*c + 10. What are the prime factors of s?
2, 5
Suppose 4*p = m - 10, 4*m - p - 23 = -2*p. Let k(x) = 2*x + 1. What are the prime factors of k(m)?
13
Let o = -2 - -2. Let y be o + (2*-1)/2. Let b(n) = -9*n - 1. What are the prime factors of b(y)?
2
Let l = 16 + 11. Suppose 4*o = -0*c + 2*c + 2, c - l = -5*o. List the prime factors of c.
7
Let h(u) be the second derivative of u**3/6 + 3*u**2 + u. What are the prime factors of h(6)?
2, 3
Let s(h) = h**2 - 8*h - 9. Let a be s(9). Let t(n) = -n + 8. List the prime factors of t(a).
2
Suppose -4*z + h = 32, -4*z - 3*h = 33 - 1. Let j = 13 + z. List the prime factors of j.
5
Suppose -6*a + 192 = -54. What are the prime factors of a?
41
Suppose -2*w - 3*w - 10 = 0. Let m be -1*w/(-4)*-12. What are the prime factors of m*(2 - 3/6)?
3
Suppose -2*a + 62 = 5*v - v, -5*v - 62 = -2*a. List the prime factors of a.
31
Let b(s) = -17*s - 5. Let q be b(-4). Suppose 5*r + q = 228. What are the prime factors of r?
3, 11
Let g be (-86)/(-6) - 2/(-3). Let l(r) = -4*r**3 + 12*r**2 + 5*r**3 + 5*r + g - 3*r + 9*r. List the prime factors of l(-11).
3, 5
Let v(m) = -5*m**2 + 26*m - 6. Let a(t) = 2*t**2 - 9*t + 2. Let z(b) = -11*a(b) - 4*v(b). Let c be z(-4). Let u = -1 - c. List the prime factors of u.
3
Let u(f) = -f**2 + 10*f + 11. Suppose s + 2*s = 3*n + 45, 0 = -5*s + 2*n + 66. Suppose s = x + 2. What are the prime factors of u(x)?
11
Let g = -150 - -287. What are the prime factors of g?
137
Suppose -s = 3*q + 74, -3*q - 10 = -8*q. Let b = s + 132. What are the prime factors of b?
2, 13
Let f(c) = -2*c**3 + 2*c**2 + 2*c - 1. Let h(d) = -d**2 - 6*d - 7. Let j be h(-5). Let n be f(j). Let g = n + -11. What are the prime factors of g?
2
Suppose 8 = 3*w + 3*p - 1, -2*p + 2 = -2*w. Suppose -5*f + 9 + w = 0. Suppose 4*v - 58 = -5*l, -f*v + 0*l = 4*l - 32. List the prime factors of v.
2, 3
Let l = -12 - -25. Suppose -35 = -3*f + l. Suppose -r + 2 = -f. List the prime factors of r.
2, 3
Let n = 158 - 16. List the prime factors of n.
2, 71
Suppose -4*g - 69 = 2*b + 105, 0 = 4*b - g + 384. Let x be b/(-5) - 1*3. Suppose 0 = -r + 4*a + 8, 4*r - 3*a = 61 - x. List the prime factors of r.
2, 3
Suppose 4*d - d = 108. Let f = d - 13. Suppose 3*c - 17 = -2*t, f = c - 4*t - 6. List the prime factors of c.
3
Let g = 78 - -6. What are the prime factors of g?
2, 3, 7
Let l(b) = -3*b - 5. Let n(x) = x**2 - 9*x + 5. Let s be n(9). Let h be l(s). What are the prime factors of h/(-8)*(1 - -1)?
5
Suppose 0 = 3*g + 12, -2*f = 2*g - g - 14. What are the prime factors of f/6 - 2/(-4)?
2
Let o be (-34416)/(-128) + (-2)/(-16). Suppose -3*v = -12, o = 5*g + 2*v + 76. What are the prime factors of g?
37
Let f = -27 + 16. Let t = 7 + f. List the prime factors of t/8 - 42/(-4).
2, 5
Let g = 11 + 17. Suppose -2*z - g = -3*z. List the prime factors of z.
2, 7
Suppose -95 = -3*d + 5*f, 4*f - 11 = d - 38. List the prime factors of d.
5, 7
Let x(a) = a + 10. Let h be x(0). Suppose t = h + 5. What are the prime factors of t?
3, 5
Suppose t = 2*l - 3, -3*t + 5*l = 8 - 2. What are the prime factors of 0 + (t - (-2 + 3))?
2
Suppose -4*j + 10 = 2. Suppose 0 = 5*h + z - 11, -j*z = h + z - 5. What are the prime factors of h?
2
Let y(x) = 2*x - 2. Let o(c) = -c**2 + 6*c - 2. Let n be o(5). Suppose -2*d + 6*d = -n*b + 40, 8 = -b + 4*d. List the prime factors of y(b).
2, 7
Suppose -4*x + 15 = 7. Suppose 0 = -z - 2*u + 8, -4*z = -u + x*u - 4. Suppose 0 = -z*o - 5*o + 70. List the prime factors of o.
2, 7
What are the prime factors of 18*((-33)/(-6) + -2)?
3, 7
Suppose -41 = -3*a + 4*k, 0 = -4*a + 2*k + 2*k + 52. What are the prime factors of a?
11
Let d = 417 + -291. List the prime factors of d.
2, 3, 7
Let d be (-4)/(-10) + 46/10. Let i = d + -9. Let u = 6 + i. What are the prime factors of u?
2
Let n = -23 - -84. Suppose 2*u = -j + 34, -j - n = -0*u - 3*u. What are the prime factors of u?
19
Suppose 23 = -2*l + 3*l. List the prime factors of l.
23
Let l = 46 - 1. List the prime factors of l.
3, 5
Let m = 3 - 3. Suppose 4*h - 28 = -m*h. Let z = h - -2. List the prime factors of z.
3
Let u be 0/((0 - -1) + -2). Let i be (6/(-4))/(1/(-2)). Let j = u + i. List the prime factors of j.
3
Suppose -5*s + 5*c = 2*c - 1316, 0 